{"id":1281,"date":"2020-11-27T13:45:52","date_gmt":"2020-11-27T10:45:52","guid":{"rendered":"http:\/\/krause.com.tr\/?post_type=product&#038;p=1281"},"modified":"2024-03-25T12:49:02","modified_gmt":"2024-03-25T09:49:02","slug":"bind-curves-serisi-special-kirmizi","status":"publish","type":"product","link":"https:\/\/krause.com.tr\/?product=bind-curves-serisi-special-kirmizi","title":{"rendered":"Bind Curves Serisi Special (K\u0131rm\u0131z\u0131)"},"content":{"rendered":"","protected":false},"excerpt":{"rendered":"<p><span style=\"color: #333333\">Bind Chocolate&#8217;\u0131n k\u0131vr\u0131mlar\u0131, kenar rad\u00fcsleri ve renkleri ile dikkat \u00e7eken kutu tasar\u0131m\u0131 ve special \u00e7ikolatalar\u0131 \u00f6zel anlar\u0131n\u0131z\u0131n vazge\u00e7ilmez lezzetleri aras\u0131nda olacak.<\/span><\/p>\n<p><span style=\"color: #333333\">24 Adet Special \u00c7ikolata<\/span><\/p>\n<p><span style=\"color: #333333\">4 Adet Sarg\u0131l\u0131 Madlen \u00c7ikolata<\/span><\/p>\n<p><span style=\"color: #333333\">Net A\u011f\u0131rl\u0131k : 320g<\/span><\/p>\n","protected":false},"featured_media":1277,"comment_status":"open","ping_status":"closed","template":"","meta":[],"product_cat":[60],"product_tag":[61,68,69],"_links":{"self":[{"href":"https:\/\/krause.com.tr\/index.php?rest_route=\/wp\/v2\/product\/1281"}],"collection":[{"href":"https:\/\/krause.com.tr\/index.php?rest_route=\/wp\/v2\/product"}],"about":[{"href":"https:\/\/krause.com.tr\/index.php?rest_route=\/wp\/v2\/types\/product"}],"replies":[{"embeddable":true,"href":"https:\/\/krause.com.tr\/index.php?rest_route=%2Fwp%2Fv2%2Fcomments&post=1281"}],"wp:featuredmedia":[{"embeddable":true,"href":"https:\/\/krause.com.tr\/index.php?rest_route=\/wp\/v2\/media\/1277"}],"wp:attachment":[{"href":"https:\/\/krause.com.tr\/index.php?rest_route=%2Fwp%2Fv2%2Fmedia&parent=1281"}],"wp:term":[{"taxonomy":"product_cat","embeddable":true,"href":"https:\/\/krause.com.tr\/index.php?rest_route=%2Fwp%2Fv2%2Fproduct_cat&post=1281"},{"taxonomy":"product_tag","embeddable":true,"href":"https:\/\/krause.com.tr\/index.php?rest_route=%2Fwp%2Fv2%2Fproduct_tag&post=1281"}],"curies":[{"name":"wp","href":"https:\/\/api.w.org\/{rel}","templated":true}]}}